5*q + 3. Let n be b(4). Suppose 3*k = 3*j - 120, -1 = 2*k - n. What is the remainder when j is divided by 15?
13
Suppose -7*z + 10*z = 54. Calculate the remainder when 30 is divided by z.
12
Let x be (2 - 3)/((-3)/6). Suppose -x + 1 = -j. Calculate the remainder when 68 is divided by (j/(-1))/(1/(-23)).
22
Let y be 2 + 38*3/6. Let t be (-52)/(-14) - (-6)/y. What is the remainder when 4 is divided by (-48)/(-30) - t/(-10)?
0
Suppose 2*l + 2*l - 52 = 0. Let t(z) = -z**2 - 3*z. Let w be t(-3). Suppose -d = -i - w + 3, -3*d = -5*i + 19. Calculate the remainder when l is divided by i.
3
Calculate the remainder when 3 is divided by 2/10 - 18/(-10).
1
Suppose n - 21 = -4*i - 4*n, 0 = 4*i + 3*n - 27. What is the remainder when (i - 1 - 1) + -1 is divided by 4?
2
Suppose b - z = -2*z + 22, 0 = -2*z. Calculate the remainder when 54 is divided by b.
10
What is the remainder when -2 + (-2 - -35 - -1) is divided by 5?
2
Suppose 5*j = 2*j + 6. Suppose 0 = -4*d - j + 138. Calculate the remainder when d is divided by 12.
10
Suppose 3*f - 8 + 5 = 0. What is the remainder when 3 is divided by f?
0
Let q = -21 - -269. Calculate the remainder when 41 is divided by 6/27 - q/(-18).
13
Let h = 4 - 5. Let a = 5 - h. Calculate the remainder when (2/3)/(2/33) is divided by a.
5
Suppose -w + 4*p - 14 = 0, w - 22 = -2*w - 4*p. Let q(b) = -b**3 + 5*b**2 - 1. What is the remainder when q(w) is divided by 8/(-12)*6/(-1)?
3
Suppose 5*o - 8*o + 123 = 0. Calculate the remainder when o is divided by 14.
13
Let f = 18 + -12. Let t = 11 - f. Calculate the remainder when 41 is divided by (210/8)/t*4.
20
Let m = -16 - -81. What is the remainder when m is divided by 24?
17
Let j be 98/6 + (-10)/(-15). Let g = j + 53. What is the remainder when g is divided by 18?
16
Let d = 3 + 6. What is the remainder when 14 is divided by d?
5
Suppose -r - 4*h - 48 = -5*r, 23 = 2*r - 3*h. What is the remainder when 51 is divided by r?
12
Suppose 1 - 27 = 2*v. Let r = v - -17. Calculate the remainder when 6 is divided by r.
2
Suppose 0 = h + 5*m + 1 - 15, 3*h + 5*m = 32. Suppose 7*p + 9 = 44. What is the remainder when h is divided by p?
4
Let t = 1 - -16. Suppose 15 = 4*r - t. What is the remainder when (-32)/(-128) - (230/(-8) + -1) is divided by r?
6
Suppose -4*d + 17 = -11. What is the remainder when 63 is divided by (21 - d) + (1 - -1)?
15
Let w = 526 + -274. Suppose -2*i + w = -0*i. What is the remainder when i is divided by 32?
30
Let p(c) = 3*c**3 - 20*c**2 + 8*c - 9. Let n(g) = -g**3 + 7*g**2 - 3*g + 3. Let u(y) = -11*n(y) - 4*p(y). What is the remainder when u(3) is divided by 4?
2
Let r be 3 - (-15)/(-9)*-3. Let f = r + 3. What is the remainder when 21 is divided by f?
10
Let o(u) = 2*u + 1. Let b be o(-2). Let x be (1 + b)*(-1)/1. Let m(v) = 2*v**3 - 2*v**2 + 3*v. Calculate the remainder when 41 is divided by m(x).
13
Let r(c) = c. Let o be r(5). Suppose 0*p - o*p + 25 = 0. Let d = 14 - p. Calculate the remainder when 26 is divided by d.
8
Suppose 0 = 7*z - 3*z - 32. Calculate the remainder when 28 is divided by z.
4
Suppose -7 = -4*k + 3*k. Suppose -40 = -9*n + k*n. Calculate the remainder when n is divided by 11.
9
Let c = -31 - -44. Calculate the remainder when 88 is divided by c.
10
Let p be 9*(-2)/(-5 + -1). Let s(c) = 10*c + 2. Let r(k) = 6*k - 73. Calculate the remainder when s(p) is divided by r(14).
10
Let p be (3/(-4))/(6/(-24)). Suppose p*s + 5*z - 36 = -8, 5*s + 3*z - 36 = 0. Calculate the remainder when 11 is divided by s.
5
Let u(d) = d**3 - 8*d**2 + 6*d + 1. Calculate the remainder when u(8) is divided by 17.
15
Let z = -14 - -29. Suppose 0 = 5*m - 71 + 26. Let n = z - m. Calculate the remainder when n is divided by 4.
2
Let r = 128 - 118. What is the remainder when 28 is divided by r?
8
Let t = -19 + 24. Let y(l) = -l**3 - l + 17. Calculate the remainder when y(0) is divided by t.
2
Let v(q) = -q. Let i be v(0). Suppose i*w - 20 = -w. Calculate the remainder when 59 is divided by w.
19
Let r(t) = -3*t - 7. Calculate the remainder when 15 is divided by r(-5).
7
Let s(g) be the third derivative of -5*g**4/24 + 2*g**3/3 + 2*g**2. Calculate the remainder when s(-4) is divided by 13.
11
Let j be 5/(0 + 0 + 1). Suppose -6*b + j*b = -11. Suppose 4*g + 43 = 3*a + 199, 5*g + a = 214. What is the remainder when g is divided by b?
9
Let k(u) = u**2 - 7*u - 13. Suppose h - 12 + 3 = 0. Let p be k(h). Suppose p*x - 32 = x. Calculate the remainder when 15 is divided by x.
7
Calculate the remainder when (15/(-6))/(2/(-4)) is divided by 2.
1
Suppose 2*n = 10 - 4. Suppose 2*x - 1 = 3*s + 2*s, x = n*s. Calculate the remainder when (-3)/(6/(-14)) + 1 is divided by x.
2
Let b(s) = 7*s + 0 - s + 3. Let c(f) = -3*f - 4. Let m be c(-3). What is the remainder when b(m) is divided by 17?
16
Let x(r) = -r**2 + 6*r + 6. Let h be x(5). Suppose 0 = 5*w + h - 121. What is the remainder when w is divided by 6?
4
Suppose -6*a = -2*a - 388. What is the remainder when a is divided by 11?
9
Suppose -16 = z - 54. Suppose 4*c = 90 - z. Calculate the remainder when 51 is divided by c.
12
What is the remainder when (-1)/2*(6 + -56) is divided by 17?
8
Suppose 6*y - 5 = 5*y. Suppose 3*h + 3*p - 3 = 0, y*h = 3*h - 3*p - 1. Calculate the remainder when 14 is divided by h.
2
Let v be (-4)/(-2) + 8/4. Suppose 3*i + w = 4, v*i - 2*w - 2*w - 16 = 0. Suppose 4*o - 34 = i. What is the remainder when 25 is divided by o?
7
Let x(z) = 2*z**2 + 2*z - 3*z**2 + 6*z - 5. Calculate the remainder when 12 is divided by x(6).
5
Let z = -36 + 79. Let k(p) = 8*p**2 + 6*p + 3. What is the remainder when z is divided by k(-2)?
20
Let s = 72 + -13. Calculate the remainder when s is divided by 15.
14
Let i be 12/54 - 286/(-9). Suppose 5*x - 8 - i = 0. Calculate the remainder when x is divided by 3.
2
Suppose -5*c + 20 = 4*z, -z + 5*z = 4*c + 20. Let k(s) = -s + 32. Calculate the remainder when k(c) is divided by (-1)/(((-6)/(-22))/(-3)).
10
Suppose 3*n - 253 = -x, -n - 3*x = n - 178. What is the remainder when n is divided by 28?
27
Suppose 3*o - 23 = -5*z, -3*z - 9 = o - 3*o. What is the remainder when 21 is divided by o?
3
Suppose -k - 11 + 20 = 0. Calculate the remainder when 21 is divided by k.
3
Suppose -b - b - 4*z = -316, -3*b = -2*z - 490. Calculate the remainder when b is divided by 41.
39
Let g be (-2 - -3)/((-1)/(-3)). What is the remainder when ((-36)/(-24))/(g/52) is divided by 15?
11
What is the remainder when 52 is divided by 598/22 + 24/(-132)?
25
Let r(s) = -s**2 - 5*s + 5. Suppose 4*l + c - 63 = 0, 0 = -2*l + 4*l - 4*c - 54. Calculate the remainder when l is divided by r(-4).
8
Suppose 3*o - 5*o + 10 = 0. Suppose 4*u + 5*q = 19, -u + 1 + 15 = o*q. What is the remainder when (-3)/(1/(2/(-3))) is divided by u?
0
Suppose 4*r = 33 + 15. What is the remainder when 47 is divided by r?
11
Suppose 5 = l, l + 28 = 3*b - 3*l. Let s(u) = -u**3 + 6*u**2 + 9*u - 9. Let j be s(7). What is the remainder when (46/(-5))/((-1)/j) is divided by b?
14
Let h(g) = -g + 4. Let n be (-1 + (3 - 2))/1. Let s be h(n). Suppose s*f - 12 = -0*f. Calculate the remainder when f is divided by 2.
1
Let u be (-40)/(-6)*(-3)/2. Let m(z) = -z**3 - 11*z**2 - 10*z + 3. Let f be m(u). Suppose 20 = f*g + 2. What is the remainder when 23 is divided by g?
5
Let u = -28 + 46. Let z(d) = 4*d**3 + 1. Calculate the remainder when z(2) is divided by u.
15
Let t(w) = -w - 1. Let c be t(-4). Let u = c + 2. Suppose 55 = u*m + 15. Calculate the remainder when 29 is divided by m.
5
Suppose 0 = 4*v + 15 + 5. Let d = -3 - v. Suppose 2*j - 1 = -y + j, 0 = -5*y - j + 9. What is the remainder when y is divided by d?
0
Let j(r) = -15*r**2 + 5*r - 2*r - 4*r + 4. Let t be j(-3). Let f = t - -187. Calculate the remainder when f is divided by 20.
19
Let b(u) = 8*u - 1. What is the remainder when b(6) is divided by (240/5)/2 + 0 + 1?
22
Suppose -2*z = 3*t - 67, 4*t = -3*z + 5*z + 66. Calculate the remainder when t is divided by 11.
8
Let f be (-1)/(0 + 2)*-6. Suppose -f*y - 12 = -42. Suppose -7*s = -2*s - 95. What is the remainder when s is divided by y?
9
Let h = 34 + -24. Calculate the remainder when ((-2)/(-3))/(h/375) is divided by 13.
12
Let i(s) = -2*s + 15. What is the remainder when 68 is divided by i(-5)?
18
Suppose 0*d = -3*d - 3. What is the remainder when (2 + d)*